{"id":10,"date":"2020-06-30T12:11:52","date_gmt":"2020-06-30T12:11:52","guid":{"rendered":"http:\/\/31.217.196.205\/~urvqclfi\/?page_id=10"},"modified":"2025-10-26T21:52:39","modified_gmt":"2025-10-26T18:52:39","slug":"etusivu","status":"publish","type":"page","link":"https:\/\/www.jaapossutus.fi\/blog\/","title":{"rendered":"Tervetuloa"},"content":{"rendered":"\n<figure class=\"wp-block-gallery alignleft columns-2 is-cropped wp-block-gallery-1 is-layout-flex wp-block-gallery-is-layout-flex\"><ul class=\"blocks-gallery-grid\"><li class=\"blocks-gallery-item\"><figure><img loading=\"lazy\" decoding=\"async\" width=\"1024\" height=\"1024\" src=\"https:\/\/www.jaapossutus.fi\/blog\/wp-content\/uploads\/2024\/03\/Ja\u0308a\u0308possutus_tunnus_va\u0308ri-1024x1024.png\" alt=\"\" data-id=\"575\" data-full-url=\"https:\/\/www.jaapossutus.fi\/blog\/wp-content\/uploads\/2024\/03\/Ja\u0308a\u0308possutus_tunnus_va\u0308ri.png\" data-link=\"https:\/\/www.jaapossutus.fi\/blog\/ja%cc%88a%cc%88possutus_tunnus_va%cc%88ri\/\" class=\"wp-image-575\" srcset=\"https:\/\/www.jaapossutus.fi\/blog\/wp-content\/uploads\/2024\/03\/Ja\u0308a\u0308possutus_tunnus_va\u0308ri-1024x1024.png 1024w, https:\/\/www.jaapossutus.fi\/blog\/wp-content\/uploads\/2024\/03\/Ja\u0308a\u0308possutus_tunnus_va\u0308ri-300x300.png 300w, https:\/\/www.jaapossutus.fi\/blog\/wp-content\/uploads\/2024\/03\/Ja\u0308a\u0308possutus_tunnus_va\u0308ri-150x150.png 150w, https:\/\/www.jaapossutus.fi\/blog\/wp-content\/uploads\/2024\/03\/Ja\u0308a\u0308possutus_tunnus_va\u0308ri-768x768.png 768w, https:\/\/www.jaapossutus.fi\/blog\/wp-content\/uploads\/2024\/03\/Ja\u0308a\u0308possutus_tunnus_va\u0308ri-500x500.png 500w, https:\/\/www.jaapossutus.fi\/blog\/wp-content\/uploads\/2024\/03\/Ja\u0308a\u0308possutus_tunnus_va\u0308ri-400x400.png 400w, https:\/\/www.jaapossutus.fi\/blog\/wp-content\/uploads\/2024\/03\/Ja\u0308a\u0308possutus_tunnus_va\u0308ri-100x100.png 100w, https:\/\/www.jaapossutus.fi\/blog\/wp-content\/uploads\/2024\/03\/Ja\u0308a\u0308possutus_tunnus_va\u0308ri.png 1181w\" sizes=\"auto, (max-width: 767px) 89vw, (max-width: 1000px) 54vw, (max-width: 1071px) 543px, 580px\" \/><\/figure><\/li><li class=\"blocks-gallery-item\"><figure><img loading=\"lazy\" decoding=\"async\" width=\"1024\" height=\"1024\" src=\"https:\/\/www.jaapossutus.fi\/blog\/wp-content\/uploads\/2024\/03\/Ja\u0308a\u0308huuhtelu_tunnus_va\u0308ri-1024x1024.png\" alt=\"\" data-id=\"574\" data-full-url=\"https:\/\/www.jaapossutus.fi\/blog\/wp-content\/uploads\/2024\/03\/Ja\u0308a\u0308huuhtelu_tunnus_va\u0308ri.png\" data-link=\"https:\/\/www.jaapossutus.fi\/blog\/ja%cc%88a%cc%88huuhtelu_tunnus_va%cc%88ri\/\" class=\"wp-image-574\" srcset=\"https:\/\/www.jaapossutus.fi\/blog\/wp-content\/uploads\/2024\/03\/Ja\u0308a\u0308huuhtelu_tunnus_va\u0308ri-1024x1024.png 1024w, https:\/\/www.jaapossutus.fi\/blog\/wp-content\/uploads\/2024\/03\/Ja\u0308a\u0308huuhtelu_tunnus_va\u0308ri-300x300.png 300w, https:\/\/www.jaapossutus.fi\/blog\/wp-content\/uploads\/2024\/03\/Ja\u0308a\u0308huuhtelu_tunnus_va\u0308ri-150x150.png 150w, https:\/\/www.jaapossutus.fi\/blog\/wp-content\/uploads\/2024\/03\/Ja\u0308a\u0308huuhtelu_tunnus_va\u0308ri-768x768.png 768w, https:\/\/www.jaapossutus.fi\/blog\/wp-content\/uploads\/2024\/03\/Ja\u0308a\u0308huuhtelu_tunnus_va\u0308ri-500x500.png 500w, https:\/\/www.jaapossutus.fi\/blog\/wp-content\/uploads\/2024\/03\/Ja\u0308a\u0308huuhtelu_tunnus_va\u0308ri-400x400.png 400w, https:\/\/www.jaapossutus.fi\/blog\/wp-content\/uploads\/2024\/03\/Ja\u0308a\u0308huuhtelu_tunnus_va\u0308ri-100x100.png 100w, https:\/\/www.jaapossutus.fi\/blog\/wp-content\/uploads\/2024\/03\/Ja\u0308a\u0308huuhtelu_tunnus_va\u0308ri.png 1181w\" sizes=\"auto, (max-width: 767px) 89vw, (max-width: 1000px) 54vw, (max-width: 1071px) 543px, 580px\" \/><\/figure><\/li><\/ul><\/figure>\n\n\n\n<p>J\u00e4\u00e4puhdistus, tunnetaan my\u00f6s<strong> j\u00e4\u00e4possutuksena<\/strong> (engl. ice pigging) tai <strong>j\u00e4\u00e4huuhteluna<\/strong>, on uusi putkistojen puhdistusmenetelm\u00e4, jossa hy\u00f6dynnet\u00e4\u00e4n j\u00e4\u00e4sohjon mekaanista puhdistusvaikutusta.<\/p>\n\n\n\n<p>J\u00e4\u00e4possutus perustuu siis siihen, ett\u00e4 nestem\u00e4isest\u00e4 j\u00e4\u00e4sohjosta muodostetaan putkistoon j\u00e4\u00e4tulppa eli j\u00e4\u00e4possu, jota ty\u00f6nnet\u00e4\u00e4n eteenp\u00e4in veden paineella.<\/p>\n\n\n\n<p>J\u00e4\u00e4huuhtelussa j\u00e4\u00e4sohjolla huuhdellaan putkistoa ja poistetaan saostumia ja biofilmi\u00e4 putkistosta. <\/p>\n\n\n\n<p>J\u00e4\u00e4sohjo muotoutuu putkiston muotoihin ja l\u00e4p\u00e4isee venttiilej\u00e4 ja jopa l\u00e4mm\u00f6nvaihtimia.<\/p>\n\n\n\n<p>Kulkiessaan j\u00e4\u00e4sohjo ker\u00e4\u00e4 kertymi\u00e4 itseens\u00e4 ja kuljettaa ne mukanaan pois putkistosta. &nbsp;<\/p>\n\n\n\n<p><\/p>\n\n\n\n<ul class=\"wp-block-social-links is-layout-flex wp-block-social-links-is-layout-flex\">\n\n\n\n\n\n\n\n<\/ul>\n","protected":false},"excerpt":{"rendered":"<p>J\u00e4\u00e4puhdistus, tunnetaan my\u00f6s j\u00e4\u00e4possutuksena (engl. ice pigging) tai j\u00e4\u00e4huuhteluna, on uusi putkistojen puhdistusmenetelm\u00e4, jossa hy\u00f6dynnet\u00e4\u00e4n j\u00e4\u00e4sohjon mekaanista puhdistusvaikutusta. J\u00e4\u00e4possutus perustuu siis siihen, ett\u00e4 nestem\u00e4isest\u00e4 j\u00e4\u00e4sohjosta muodostetaan putkistoon j\u00e4\u00e4tulppa eli j\u00e4\u00e4possu, jota ty\u00f6nnet\u00e4\u00e4n eteenp\u00e4in veden paineella. J\u00e4\u00e4huuhtelussa j\u00e4\u00e4sohjolla huuhdellaan putkistoa ja poistetaan saostumia ja biofilmi\u00e4 putkistosta. J\u00e4\u00e4sohjo muotoutuu putkiston muotoihin ja l\u00e4p\u00e4isee venttiilej\u00e4 ja jopa l\u00e4mm\u00f6nvaihtimia. &hellip; <\/p>\n<p class=\"link-more\"><a href=\"https:\/\/www.jaapossutus.fi\/blog\/\" class=\"more-link\">Jatka lukemista<span class=\"screen-reader-text\"> &#8221;Tervetuloa&#8221;<\/span><\/a><\/p>\n","protected":false},"author":1,"featured_media":0,"parent":0,"menu_order":0,"comment_status":"closed","ping_status":"closed","template":"","meta":{"footnotes":""},"class_list":["post-10","page","type-page","status-publish","hentry"],"_links":{"self":[{"href":"https:\/\/www.jaapossutus.fi\/blog\/wp-json\/wp\/v2\/pages\/10","targetHints":{"allow":["GET"]}}],"collection":[{"href":"https:\/\/www.jaapossutus.fi\/blog\/wp-json\/wp\/v2\/pages"}],"about":[{"href":"https:\/\/www.jaapossutus.fi\/blog\/wp-json\/wp\/v2\/types\/page"}],"author":[{"embeddable":true,"href":"https:\/\/www.jaapossutus.fi\/blog\/wp-json\/wp\/v2\/users\/1"}],"replies":[{"embeddable":true,"href":"https:\/\/www.jaapossutus.fi\/blog\/wp-json\/wp\/v2\/comments?post=10"}],"version-history":[{"count":22,"href":"https:\/\/www.jaapossutus.fi\/blog\/wp-json\/wp\/v2\/pages\/10\/revisions"}],"predecessor-version":[{"id":601,"href":"https:\/\/www.jaapossutus.fi\/blog\/wp-json\/wp\/v2\/pages\/10\/revisions\/601"}],"wp:attachment":[{"href":"https:\/\/www.jaapossutus.fi\/blog\/wp-json\/wp\/v2\/media?parent=10"}],"curies":[{"name":"wp","href":"https:\/\/api.w.org\/{rel}","templated":true}]}}